{"id":3842,"date":"2025-09-19T09:46:13","date_gmt":"2025-09-19T14:46:13","guid":{"rendered":"https:\/\/emgirs.gob.ec\/web2025\/?page_id=3842"},"modified":"2025-09-30T15:11:33","modified_gmt":"2025-09-30T20:11:33","slug":"guia-de-reduccion-y-gestion-de-residuos-en-la-construccion","status":"publish","type":"page","link":"https:\/\/emgirs.gob.ec\/web2025\/guia-de-reduccion-y-gestion-de-residuos-en-la-construccion\/","title":{"rendered":"GU\u00cdA DE REDUCCI\u00d3N Y GESTI\u00d3N DE RESIDUOS EN LA CONSTRUCCI\u00d3N"},"content":{"rendered":"\t\t<div data-elementor-type=\"wp-page\" data-elementor-id=\"3842\" class=\"elementor elementor-3842\" data-elementor-post-type=\"page\">\n\t\t\t\t<div class=\"elementor-element elementor-element-2d26b1d5 e-flex e-con-boxed e-con e-parent\" data-id=\"2d26b1d5\" data-element_type=\"container\">\n\t\t\t\t\t<div class=\"e-con-inner\">\n\t\t\t\t<div class=\"elementor-element elementor-element-4a050700 elementor-widget elementor-widget-shortcode\" data-id=\"4a050700\" data-element_type=\"widget\" data-widget_type=\"shortcode.default\">\n\t\t\t\t<div class=\"elementor-widget-container\">\n\t\t\t\t\t\t\t<div class=\"elementor-shortcode\">\t\t\t<!-- Flexy Breadcrumb -->\r\n\t\t\t<div class=\"fbc fbc-page\">\r\n\r\n\t\t\t\t<!-- Breadcrumb wrapper -->\r\n\t\t\t\t<div class=\"fbc-wrap\">\r\n\r\n\t\t\t\t\t<!-- Ordered list-->\r\n\t\t\t\t\t<ol class=\"fbc-items\" itemscope itemtype=\"https:\/\/schema.org\/BreadcrumbList\">\r\n\t\t\t\t\t\t            <li itemprop=\"itemListElement\" itemscope itemtype=\"https:\/\/schema.org\/ListItem\">\r\n                <span itemprop=\"name\">\r\n                    <!-- Home Link -->\r\n                    <a itemprop=\"item\" href=\"https:\/\/emgirs.gob.ec\/web2025\">\r\n                    \r\n                                                    <i class=\"fa fa-home\" aria-hidden=\"true\"><\/i>Home                    <\/a>\r\n                <\/span>\r\n                <meta itemprop=\"position\" content=\"1\" \/><!-- Meta Position-->\r\n             <\/li><li><span class=\"fbc-separator\">\/<\/span><\/li><li class=\"active\" itemprop=\"itemListElement\" itemscope itemtype=\"https:\/\/schema.org\/ListItem\"><span itemprop=\"name\" title=\"GU\u00cdA DE REDUCCI\u00d3N Y GESTI\u00d3N DE RESIDUOS EN LA CONSTRUCCI\u00d3N\">GU\u00cdA DE REDUCCI\u00d3N Y...<\/span><meta itemprop=\"position\" content=\"2\" \/><\/li>\t\t\t\t\t<\/ol>\r\n\t\t\t\t\t<div class=\"clearfix\"><\/div>\r\n\t\t\t\t<\/div>\r\n\t\t\t<\/div>\r\n\t\t\t<\/div>\n\t\t\t\t\t\t<\/div>\n\t\t\t\t<\/div>\n\t\t\t\t\t<\/div>\n\t\t\t\t<\/div>\n\t\t<div class=\"elementor-element elementor-element-5146f901 e-flex e-con-boxed e-con e-parent\" data-id=\"5146f901\" data-element_type=\"container\">\n\t\t\t\t\t<div class=\"e-con-inner\">\n\t\t\t\t<div class=\"elementor-element elementor-element-32c2b4aa elementor-widget__width-initial elementor-widget-divider--view-line elementor-widget elementor-widget-divider\" data-id=\"32c2b4aa\" data-element_type=\"widget\" data-widget_type=\"divider.default\">\n\t\t\t\t<div class=\"elementor-widget-container\">\n\t\t\t\t\t\t\t<div class=\"elementor-divider\">\n\t\t\t<span class=\"elementor-divider-separator\">\n\t\t\t\t\t\t<\/span>\n\t\t<\/div>\n\t\t\t\t\t\t<\/div>\n\t\t\t\t<\/div>\n\t\t<div class=\"elementor-element elementor-element-88f77d9 e-flex e-con-boxed e-con e-child\" data-id=\"88f77d9\" data-element_type=\"container\">\n\t\t\t\t\t<div class=\"e-con-inner\">\n\t\t\t\t<div class=\"elementor-element elementor-element-508ee9b7 elementor-widget elementor-widget-heading\" data-id=\"508ee9b7\" data-element_type=\"widget\" data-widget_type=\"heading.default\">\n\t\t\t\t<div class=\"elementor-widget-container\">\n\t\t\t\t\t<h5 class=\"elementor-heading-title elementor-size-default\">GU\u00cdA DE REDUCCI\u00d3N Y GESTI\u00d3N DE RESIDUOS EN LA CONSTRUCCI\u00d3N<\/h5>\t\t\t\t<\/div>\n\t\t\t\t<\/div>\n\t\t\t\t\t<\/div>\n\t\t\t\t<\/div>\n\t\t\t\t<div class=\"elementor-element elementor-element-cfd2913 elementor-widget__width-initial elementor-widget-divider--view-line elementor-widget elementor-widget-divider\" data-id=\"cfd2913\" data-element_type=\"widget\" data-widget_type=\"divider.default\">\n\t\t\t\t<div class=\"elementor-widget-container\">\n\t\t\t\t\t\t\t<div class=\"elementor-divider\">\n\t\t\t<span class=\"elementor-divider-separator\">\n\t\t\t\t\t\t<\/span>\n\t\t<\/div>\n\t\t\t\t\t\t<\/div>\n\t\t\t\t<\/div>\n\t\t\t\t\t<\/div>\n\t\t\t\t<\/div>\n\t\t<div class=\"elementor-element elementor-element-4bee6753 e-flex e-con-boxed e-con e-parent\" data-id=\"4bee6753\" data-element_type=\"container\">\n\t\t\t\t\t<div class=\"e-con-inner\">\n\t\t\t\t<div class=\"elementor-element elementor-element-48d21e81 elementor-widget-divider--view-line elementor-widget elementor-widget-divider\" data-id=\"48d21e81\" data-element_type=\"widget\" data-widget_type=\"divider.default\">\n\t\t\t\t<div class=\"elementor-widget-container\">\n\t\t\t\t\t\t\t<div class=\"elementor-divider\">\n\t\t\t<span class=\"elementor-divider-separator\">\n\t\t\t\t\t\t<\/span>\n\t\t<\/div>\n\t\t\t\t\t\t<\/div>\n\t\t\t\t<\/div>\n\t\t\t\t\t<\/div>\n\t\t\t\t<\/div>\n\t\t<div class=\"elementor-element elementor-element-2646666 e-flex e-con-boxed e-con e-parent\" data-id=\"2646666\" data-element_type=\"container\">\n\t\t\t\t\t<div class=\"e-con-inner\">\n\t\t\t\t<div class=\"elementor-element elementor-element-33e0035 elementor-widget elementor-widget-image\" data-id=\"33e0035\" data-element_type=\"widget\" data-widget_type=\"image.default\">\n\t\t\t\t<div class=\"elementor-widget-container\">\n\t\t\t\t\t\t\t\t\t\t\t\t\t\t\t<img fetchpriority=\"high\" decoding=\"async\" width=\"8001\" height=\"84\" src=\"https:\/\/emgirs.gob.ec\/web2025\/wp-content\/uploads\/2024\/06\/FRANJA_TRAMA_02.png\" class=\"attachment-full size-full wp-image-221\" alt=\"\" srcset=\"https:\/\/emgirs.gob.ec\/web2025\/wp-content\/uploads\/2024\/06\/FRANJA_TRAMA_02.png 8001w, https:\/\/emgirs.gob.ec\/web2025\/wp-content\/uploads\/2024\/06\/FRANJA_TRAMA_02-300x3.png 300w, https:\/\/emgirs.gob.ec\/web2025\/wp-content\/uploads\/2024\/06\/FRANJA_TRAMA_02-1024x11.png 1024w, https:\/\/emgirs.gob.ec\/web2025\/wp-content\/uploads\/2024\/06\/FRANJA_TRAMA_02-768x8.png 768w, https:\/\/emgirs.gob.ec\/web2025\/wp-content\/uploads\/2024\/06\/FRANJA_TRAMA_02-1536x16.png 1536w, https:\/\/emgirs.gob.ec\/web2025\/wp-content\/uploads\/2024\/06\/FRANJA_TRAMA_02-2048x22.png 2048w\" sizes=\"(max-width: 8001px) 100vw, 8001px\" \/>\t\t\t\t\t\t\t\t\t\t\t\t\t\t\t<\/div>\n\t\t\t\t<\/div>\n\t\t\t\t<div class=\"elementor-element elementor-element-3d02890 elementor-widget elementor-widget-html\" data-id=\"3d02890\" data-element_type=\"widget\" data-widget_type=\"html.default\">\n\t\t\t\t<div class=\"elementor-widget-container\">\n\t\t\t\t\t<iframe src=\"https:\/\/heyzine.com\/flip-book\/2ee9a84d5d.html\" width=\"100%\" height=\"700\"><\/iframe>\t\t\t\t<\/div>\n\t\t\t\t<\/div>\n\t\t\t\t\t<\/div>\n\t\t\t\t<\/div>\n\t\t\t\t<\/div>\n\t\t","protected":false},"excerpt":{"rendered":"<p>GU\u00cdA DE REDUCCI\u00d3N Y GESTI\u00d3N DE RESIDUOS EN LA CONSTRUCCI\u00d3N<\/p>\n","protected":false},"author":1,"featured_media":0,"parent":0,"menu_order":0,"comment_status":"closed","ping_status":"closed","template":"","meta":{"site-sidebar-layout":"no-sidebar","site-content-layout":"","ast-site-content-layout":"full-width-container","site-content-style":"default","site-sidebar-style":"default","ast-global-header-display":"","ast-banner-title-visibility":"","ast-main-header-display":"","ast-hfb-above-header-display":"","ast-hfb-below-header-display":"","ast-hfb-mobile-header-display":"","site-post-title":"disabled","ast-breadcrumbs-content":"","ast-featured-img":"disabled","footer-sml-layout":"","theme-transparent-header-meta":"default","adv-header-id-meta":"","stick-header-meta":"","header-above-stick-meta":"","header-main-stick-meta":"","header-below-stick-meta":"","astra-migrate-meta-layouts":"set","ast-page-background-enabled":"default","ast-page-background-meta":{"desktop":{"background-color":"var(--ast-global-color-5)","background-image":"","background-repeat":"repeat","background-position":"center center","background-size":"auto","background-attachment":"scroll","background-type":"","background-media":"","overlay-type":"","overlay-color":"","overlay-opacity":"","overlay-gradient":""},"tablet":{"background-color":"","background-image":"","background-repeat":"repeat","background-position":"center center","background-size":"auto","background-attachment":"scroll","background-type":"","background-media":"","overlay-type":"","overlay-color":"","overlay-opacity":"","overlay-gradient":""},"mobile":{"background-color":"","background-image":"","background-repeat":"repeat","background-position":"center center","background-size":"auto","background-attachment":"scroll","background-type":"","background-media":"","overlay-type":"","overlay-color":"","overlay-opacity":"","overlay-gradient":""}},"ast-content-background-meta":{"desktop":{"background-color":"var(--ast-global-color-4)","background-image":"","background-repeat":"repeat","background-position":"center center","background-size":"auto","background-attachment":"scroll","background-type":"","background-media":"","overlay-type":"","overlay-color":"","overlay-opacity":"","overlay-gradient":""},"tablet":{"background-color":"var(--ast-global-color-4)","background-image":"","background-repeat":"repeat","background-position":"center center","background-size":"auto","background-attachment":"scroll","background-type":"","background-media":"","overlay-type":"","overlay-color":"","overlay-opacity":"","overlay-gradient":""},"mobile":{"background-color":"var(--ast-global-color-4)","background-image":"","background-repeat":"repeat","background-position":"center center","background-size":"auto","background-attachment":"scroll","background-type":"","background-media":"","overlay-type":"","overlay-color":"","overlay-opacity":"","overlay-gradient":""}},"footnotes":""},"class_list":["post-3842","page","type-page","status-publish","hentry"],"yoast_head":"<!-- This site is optimized with the Yoast SEO plugin v26.0 - https:\/\/yoast.com\/wordpress\/plugins\/seo\/ -->\n<title>GU\u00cdA DE REDUCCI\u00d3N Y GESTI\u00d3N DE RESIDUOS EN LA CONSTRUCCI\u00d3N - EMGIRS EP<\/title>\n<meta name=\"robots\" content=\"index, follow, max-snippet:-1, max-image-preview:large, max-video-preview:-1\" \/>\n<link rel=\"canonical\" href=\"https:\/\/emgirs.gob.ec\/web2025\/guia-de-reduccion-y-gestion-de-residuos-en-la-construccion\/\" \/>\n<meta property=\"og:locale\" content=\"es_ES\" \/>\n<meta property=\"og:type\" content=\"article\" \/>\n<meta property=\"og:title\" content=\"GU\u00cdA DE REDUCCI\u00d3N Y GESTI\u00d3N DE RESIDUOS EN LA CONSTRUCCI\u00d3N - EMGIRS EP\" \/>\n<meta property=\"og:description\" content=\"GU\u00cdA DE REDUCCI\u00d3N Y GESTI\u00d3N DE RESIDUOS EN LA CONSTRUCCI\u00d3N\" \/>\n<meta property=\"og:url\" content=\"https:\/\/emgirs.gob.ec\/web2025\/guia-de-reduccion-y-gestion-de-residuos-en-la-construccion\/\" \/>\n<meta property=\"og:site_name\" content=\"EMGIRS EP\" \/>\n<meta property=\"article:modified_time\" content=\"2025-09-30T20:11:33+00:00\" \/>\n<meta property=\"og:image\" content=\"https:\/\/emgirs.gob.ec\/web2025\/wp-content\/uploads\/2024\/06\/FRANJA_TRAMA_02.png\" \/>\n\t<meta property=\"og:image:width\" content=\"8001\" \/>\n\t<meta property=\"og:image:height\" content=\"84\" \/>\n\t<meta property=\"og:image:type\" content=\"image\/png\" \/>\n<meta name=\"twitter:card\" content=\"summary_large_image\" \/>\n<meta name=\"twitter:label1\" content=\"Tiempo de lectura\" \/>\n\t<meta name=\"twitter:data1\" content=\"1 minuto\" \/>\n<script type=\"application\/ld+json\" class=\"yoast-schema-graph\">{\"@context\":\"https:\/\/schema.org\",\"@graph\":[{\"@type\":\"WebPage\",\"@id\":\"https:\/\/emgirs.gob.ec\/web2025\/guia-de-reduccion-y-gestion-de-residuos-en-la-construccion\/\",\"url\":\"https:\/\/emgirs.gob.ec\/web2025\/guia-de-reduccion-y-gestion-de-residuos-en-la-construccion\/\",\"name\":\"GU\u00cdA DE REDUCCI\u00d3N Y GESTI\u00d3N DE RESIDUOS EN LA CONSTRUCCI\u00d3N - EMGIRS EP\",\"isPartOf\":{\"@id\":\"https:\/\/emgirs.gob.ec\/web2025\/#website\"},\"primaryImageOfPage\":{\"@id\":\"https:\/\/emgirs.gob.ec\/web2025\/guia-de-reduccion-y-gestion-de-residuos-en-la-construccion\/#primaryimage\"},\"image\":{\"@id\":\"https:\/\/emgirs.gob.ec\/web2025\/guia-de-reduccion-y-gestion-de-residuos-en-la-construccion\/#primaryimage\"},\"thumbnailUrl\":\"https:\/\/emgirs.gob.ec\/web2025\/wp-content\/uploads\/2024\/06\/FRANJA_TRAMA_02.png\",\"datePublished\":\"2025-09-19T14:46:13+00:00\",\"dateModified\":\"2025-09-30T20:11:33+00:00\",\"breadcrumb\":{\"@id\":\"https:\/\/emgirs.gob.ec\/web2025\/guia-de-reduccion-y-gestion-de-residuos-en-la-construccion\/#breadcrumb\"},\"inLanguage\":\"es\",\"potentialAction\":[{\"@type\":\"ReadAction\",\"target\":[\"https:\/\/emgirs.gob.ec\/web2025\/guia-de-reduccion-y-gestion-de-residuos-en-la-construccion\/\"]}]},{\"@type\":\"ImageObject\",\"inLanguage\":\"es\",\"@id\":\"https:\/\/emgirs.gob.ec\/web2025\/guia-de-reduccion-y-gestion-de-residuos-en-la-construccion\/#primaryimage\",\"url\":\"https:\/\/emgirs.gob.ec\/web2025\/wp-content\/uploads\/2024\/06\/FRANJA_TRAMA_02.png\",\"contentUrl\":\"https:\/\/emgirs.gob.ec\/web2025\/wp-content\/uploads\/2024\/06\/FRANJA_TRAMA_02.png\",\"width\":8001,\"height\":84},{\"@type\":\"BreadcrumbList\",\"@id\":\"https:\/\/emgirs.gob.ec\/web2025\/guia-de-reduccion-y-gestion-de-residuos-en-la-construccion\/#breadcrumb\",\"itemListElement\":[{\"@type\":\"ListItem\",\"position\":1,\"name\":\"Portada\",\"item\":\"https:\/\/emgirs.gob.ec\/web2025\/\"},{\"@type\":\"ListItem\",\"position\":2,\"name\":\"GU\u00cdA DE REDUCCI\u00d3N Y GESTI\u00d3N DE RESIDUOS EN LA CONSTRUCCI\u00d3N\"}]},{\"@type\":\"WebSite\",\"@id\":\"https:\/\/emgirs.gob.ec\/web2025\/#website\",\"url\":\"https:\/\/emgirs.gob.ec\/web2025\/\",\"name\":\"EMGIRS EP\",\"description\":\"S\u00f3lo otro sitio de WordPress\",\"potentialAction\":[{\"@type\":\"SearchAction\",\"target\":{\"@type\":\"EntryPoint\",\"urlTemplate\":\"https:\/\/emgirs.gob.ec\/web2025\/?s={search_term_string}\"},\"query-input\":{\"@type\":\"PropertyValueSpecification\",\"valueRequired\":true,\"valueName\":\"search_term_string\"}}],\"inLanguage\":\"es\"}]}<\/script>\n<!-- \/ Yoast SEO plugin. -->","yoast_head_json":{"title":"GU\u00cdA DE REDUCCI\u00d3N Y GESTI\u00d3N DE RESIDUOS EN LA CONSTRUCCI\u00d3N - EMGIRS EP","robots":{"index":"index","follow":"follow","max-snippet":"max-snippet:-1","max-image-preview":"max-image-preview:large","max-video-preview":"max-video-preview:-1"},"canonical":"https:\/\/emgirs.gob.ec\/web2025\/guia-de-reduccion-y-gestion-de-residuos-en-la-construccion\/","og_locale":"es_ES","og_type":"article","og_title":"GU\u00cdA DE REDUCCI\u00d3N Y GESTI\u00d3N DE RESIDUOS EN LA CONSTRUCCI\u00d3N - EMGIRS EP","og_description":"GU\u00cdA DE REDUCCI\u00d3N Y GESTI\u00d3N DE RESIDUOS EN LA CONSTRUCCI\u00d3N","og_url":"https:\/\/emgirs.gob.ec\/web2025\/guia-de-reduccion-y-gestion-de-residuos-en-la-construccion\/","og_site_name":"EMGIRS EP","article_modified_time":"2025-09-30T20:11:33+00:00","og_image":[{"width":8001,"height":84,"url":"https:\/\/emgirs.gob.ec\/web2025\/wp-content\/uploads\/2024\/06\/FRANJA_TRAMA_02.png","type":"image\/png"}],"twitter_card":"summary_large_image","twitter_misc":{"Tiempo de lectura":"1 minuto"},"schema":{"@context":"https:\/\/schema.org","@graph":[{"@type":"WebPage","@id":"https:\/\/emgirs.gob.ec\/web2025\/guia-de-reduccion-y-gestion-de-residuos-en-la-construccion\/","url":"https:\/\/emgirs.gob.ec\/web2025\/guia-de-reduccion-y-gestion-de-residuos-en-la-construccion\/","name":"GU\u00cdA DE REDUCCI\u00d3N Y GESTI\u00d3N DE RESIDUOS EN LA CONSTRUCCI\u00d3N - EMGIRS EP","isPartOf":{"@id":"https:\/\/emgirs.gob.ec\/web2025\/#website"},"primaryImageOfPage":{"@id":"https:\/\/emgirs.gob.ec\/web2025\/guia-de-reduccion-y-gestion-de-residuos-en-la-construccion\/#primaryimage"},"image":{"@id":"https:\/\/emgirs.gob.ec\/web2025\/guia-de-reduccion-y-gestion-de-residuos-en-la-construccion\/#primaryimage"},"thumbnailUrl":"https:\/\/emgirs.gob.ec\/web2025\/wp-content\/uploads\/2024\/06\/FRANJA_TRAMA_02.png","datePublished":"2025-09-19T14:46:13+00:00","dateModified":"2025-09-30T20:11:33+00:00","breadcrumb":{"@id":"https:\/\/emgirs.gob.ec\/web2025\/guia-de-reduccion-y-gestion-de-residuos-en-la-construccion\/#breadcrumb"},"inLanguage":"es","potentialAction":[{"@type":"ReadAction","target":["https:\/\/emgirs.gob.ec\/web2025\/guia-de-reduccion-y-gestion-de-residuos-en-la-construccion\/"]}]},{"@type":"ImageObject","inLanguage":"es","@id":"https:\/\/emgirs.gob.ec\/web2025\/guia-de-reduccion-y-gestion-de-residuos-en-la-construccion\/#primaryimage","url":"https:\/\/emgirs.gob.ec\/web2025\/wp-content\/uploads\/2024\/06\/FRANJA_TRAMA_02.png","contentUrl":"https:\/\/emgirs.gob.ec\/web2025\/wp-content\/uploads\/2024\/06\/FRANJA_TRAMA_02.png","width":8001,"height":84},{"@type":"BreadcrumbList","@id":"https:\/\/emgirs.gob.ec\/web2025\/guia-de-reduccion-y-gestion-de-residuos-en-la-construccion\/#breadcrumb","itemListElement":[{"@type":"ListItem","position":1,"name":"Portada","item":"https:\/\/emgirs.gob.ec\/web2025\/"},{"@type":"ListItem","position":2,"name":"GU\u00cdA DE REDUCCI\u00d3N Y GESTI\u00d3N DE RESIDUOS EN LA CONSTRUCCI\u00d3N"}]},{"@type":"WebSite","@id":"https:\/\/emgirs.gob.ec\/web2025\/#website","url":"https:\/\/emgirs.gob.ec\/web2025\/","name":"EMGIRS EP","description":"S\u00f3lo otro sitio de WordPress","potentialAction":[{"@type":"SearchAction","target":{"@type":"EntryPoint","urlTemplate":"https:\/\/emgirs.gob.ec\/web2025\/?s={search_term_string}"},"query-input":{"@type":"PropertyValueSpecification","valueRequired":true,"valueName":"search_term_string"}}],"inLanguage":"es"}]}},"_links":{"self":[{"href":"https:\/\/emgirs.gob.ec\/web2025\/wp-json\/wp\/v2\/pages\/3842","targetHints":{"allow":["GET"]}}],"collection":[{"href":"https:\/\/emgirs.gob.ec\/web2025\/wp-json\/wp\/v2\/pages"}],"about":[{"href":"https:\/\/emgirs.gob.ec\/web2025\/wp-json\/wp\/v2\/types\/page"}],"author":[{"embeddable":true,"href":"https:\/\/emgirs.gob.ec\/web2025\/wp-json\/wp\/v2\/users\/1"}],"replies":[{"embeddable":true,"href":"https:\/\/emgirs.gob.ec\/web2025\/wp-json\/wp\/v2\/comments?post=3842"}],"version-history":[{"count":10,"href":"https:\/\/emgirs.gob.ec\/web2025\/wp-json\/wp\/v2\/pages\/3842\/revisions"}],"predecessor-version":[{"id":4850,"href":"https:\/\/emgirs.gob.ec\/web2025\/wp-json\/wp\/v2\/pages\/3842\/revisions\/4850"}],"wp:attachment":[{"href":"https:\/\/emgirs.gob.ec\/web2025\/wp-json\/wp\/v2\/media?parent=3842"}],"curies":[{"name":"wp","href":"https:\/\/api.w.org\/{rel}","templated":true}]}}